= 10*r - 33. What is x(6)?
27
Let m(a) = 4*a**2 + 48*a - 56. What is m(-13)?
-4
Let r(s) = -10*s - 295. Give r(-29).
-5
Let h(d) = 3*d - 4. Calculate h(2).
2
Let k(u) = u**2 + 7*u + 6. Calculate k(-6).
0
Let f(j) = j**3 + 4*j**2 + j - 3. What is f(-4)?
-7
Let s(t) = -11*t - 4. Determine s(-3).
29
Let w(k) = -15*k - 57. Calculate w(-4).
3
Let u(i) = i**3 + 16*i**2 + 20*i + 61. Give u(-15).
-14
Let l(n) = n**3 - 22*n**2 + 39*n + 4. What is l(20)?
-16
Let t(h) = -h**3 - 10*h**2 + 10*h + 22. Determine t(-10).
-78
Let i(l) = -10*l - 40. What is i(0)?
-40
Let q(m) = -7*m. What is q(4)?
-28
Let x(c) = -2*c**3 + 22*c**2 + c. Determine x(11).
11
Let q(y) = -2*y**3 + 28*y**2 - 25*y - 23. Determine q(13).
-10
Let j(h) = h + 6. Calculate j(3).
9
Let w(k) = -2*k + 7. Give w(0).
7
Let s(y) = y**2 - 34*y + 63. Calculate s(32).
-1
Let q(r) = -r**3 - 9*r**2 + 5*r - 10. What is q(-10)?
40
Let q(j) = j - 8. What is q(4)?
-4
Let f(g) = 70*g + 5. Determine f(2).
145
Let y(q) = q**3 - 10*q**2 - 59*q - 6. Calculate y(-4).
6
Let v(q) = -q**3 + 2*q**2 + 8*q - 11. Determine v(3).
4
Let a(m) = 4*m - 99. Give a(29).
17
Let j(x) = -12*x - 36. Give j(-6).
36
Let o(i) = -3*i + 27. Give o(11).
-6
Let o(n) = n**3 - n**2 + 2*n - 1. What is o(1)?
1
Let y(m) = m**3 - 3*m**2 - m - 2. Give y(3).
-5
Let j(i) = i**3 - 3*i**2 - 2*i + 3. Give j(0).
3
Let n(g) = 3*g**3 + 23*g**2 - 11*g - 8. Give n(-8).
16
Let o(r) = 3*r - 28. Give o(9).
-1
Let g(j) = 2*j**3 + j**2 + 5*j + 3. Calculate g(-4).
-129
Let b(c) = c**3 + 2*c**2 - 8*c - 44. Determine b(-4).
-44
Let f(b) = 7*b - 32. Calculate f(4).
-4
Let u(k) = 63*k + 560. Give u(-9).
-7
Let x(z) = -z**2 - 5*z - 5. Determine x(-2).
1
Let v(f) = -f**3 - 9*f**2 - 7*f + 1. Determine v(-8).
-7
Let f(i) = i**3 - 8*i**2 - 5*i - 19. Give f(9).
17
Let s(m) = -3*m + 25. Give s(8).
1
Let i(h) = 3*h + 1. Determine i(-1).
-2
Let h(o) = 4*o + 9. What is h(0)?
9
Let v(j) = -j**3 - 2*j**2 - 6*j - 12. Give v(-4).
44
Let t(u) = 2*u**3 + 14*u**2 + 19*u + 70. What is t(-6)?
28
Let q(y) = -3*y**2 - 6*y - 2. What is q(-3)?
-11
Let g(a) = -7*a**3 + a**2 - 3*a + 1. Determine g(1).
-8
Let i(j) = -j**3 - 8*j**2 + 32*j + 1. Give i(-11).
12
Let y(t) = 5*t + 29. What is y(-6)?
-1
Let i(n) = n**3 + 17*n**2 - 17*n + 19. Determine i(-18).
1
Let p(f) = -8*f**3 - 6*f**2 + 4*f + 4. Give p(-3).
154
Let x(c) = -c**3 + 7*c**2 + 4*c - 9. What is x(6)?
51
Let y(n) = -7*n + 44. Determine y(7).
-5
Let p(h) = -10*h**3 + 1. Calculate p(1).
-9
Let i(x) = 3*x + 26. Determine i(-7).
5
Let m(l) = l - 10. Give m(4).
-6
Let s(q) = -q**2 - 5*q + 4. Calculate s(-5).
4
Let g(z) = z**2 + 2*z - 2. Give g(-3).
1
Let y(h) = -h**2 + 7*h - 6. Calculate y(4).
6
Let s(h) = 8*h + 14. Give s(-4).
-18
Let g(s) = 2*s**2 + 26*s - 18. What is g(-14)?
10
Let s(g) = -10*g - 20. Determine s(-3).
10
Let w(b) = -b**2 - 10*b - 24. Determine w(-7).
-3
Let i(q) = -5*q - 1. Give i(-1).
4
Let o(t) = t + 19. Give o(-19).
0
Let t(o) = -o**2 - 46*o + 139. Calculate t(3).
-8
Let o(p) = p**3 + 2*p**2 - 3*p. Calculate o(-3).
0
Let r(t) = t - 10. Determine r(8).
-2
Let h(s) = 7*s + 39. Calculate h(-5).
4
Let y(a) = -a**2 + 4*a + 5. Give y(-3).
-16
Let o(z) = -14*z - 14. Calculate o(-1).
0
Let x(k) = -k**2 - 10*k + 19. Calculate x(-12).
-5
Let p(m) = -m**3 + 5*m**2 - 8*m - 4. Determine p(3).
-10
Let t(p) = -p**3 + 6*p**2 + 2*p + 6. Determine t(8).
-106
Let y(m) = m**3 - 10*m**2 + 7*m - 8. Give y(9).
-26
Let g(l) = -l**3 + 5*l**2 + 7*l + 10. Determine g(7).
-39
Let l(u) = -u**3 + 6*u**2 - 5*u + 4. Determine l(4).
16
Let z(w) = -w**2 + 1. Give z(-2).
-3
Let r(h) = 3*h. Determine r(-6).
-18
Let p(b) = 7*b + 3. Give p(6).
45
Let u(y) = y**2 - 8*y + 1. Calculate u(8).
1
Let k(s) = s + 2. Calculate k(1).
3
Let b(f) = f**3 - 7*f**2 + 4*f - 2. Give b(7).
26
Let w(p) = p**2 + 5*p - 39. What is w(4)?
-3
Let o(w) = -34*w - 3. Calculate o(-1).
31
Let c(g) = -6*g - 1. Give c(-2).
11
Let y(d) = -d**2 - 6*d + 4. Determine y(-5).
9
Let k(f) = -f**2 + 11*f + 31. What is k(13)?
5
Let w(a) = -2*a + 6. Calculate w(6).
-6
Let q(n) = -2*n - 2. Determine q(-1).
0
Let n(y) = 3*y + 13. Calculate n(-3).
4
Let h(s) = -5*s**2 + 47*s + 20. Calculate h(10).
-10
Let n(y) = 12*y + 25. Determine n(-3).
-11
Let c(q) = q**3 - 9*q**2 + 14*q - 21. What is c(8)?
27
Let y(q) = q**3 - 19*q**2 - 18*q - 50. Determine y(20).
-10
Let f(q) = 15*q - 1024. Calculate f(68).
-4
Let l(w) = -w**3 + 18*w**2 + 35*w + 96. Calculate l(20).
-4
Let p(m) = -m**2 + 13*m + 11. Give p(13).
11
Let g(d) = 23*d**3 - 3*d**2 - d + 1. What is g(-1)?
-24
Let p(m) = -6*m**2 - 5*m - 5. What is p(-1)?
-6
Let z(j) = -2*j - 40. What is z(-17)?
-6
Let m(r) = -87*r**3 - 4*r - 4. What is m(-1)?
87
Let p(u) = 2*u**2 - 10*u - 43. Determine p(-4).
29
Let s(u) = 10*u + 1. Calculate s(-1).
-9
Let s(f) = -f**3 + 5*f**2 + 7*f - 11. Give s(6).
-5
Let m(t) = 12*t**2 + 2*t. Give m(-1).
10
Let b(k) = 4*k**3 + 309*k**2 + 80*k + 215. What is b(-77)?
-16
Let c(g) = -21*g + 2. What is c(-2)?
44
Let n(u) = -5*u + 28. Calculate n(-5).
53
Let o(x) = -x**2 - 26*x + 41. Give o(-25).
66
Let b(n) = -27*n - 9. Give b(-2).
45
Let i(d) = d**3 + 4*d**2 - 8*d - 7. Determine i(-5).
8
Let j(o) = 2*o**3 - 21*o**2 - 15*o + 39. Calculate j(11).
-5
Let t(n) = n**3 - 22*n**2 + 41*n - 29. Give t(20).
-9
Let s(p) = -5*p + 11. Give s(8).
-29
Let h(k) = -k**3 - 9*k**2 - 10*k - 6. Calculate h(-8).
10
Let k(b) = 4*b - 4. Calculate k(1).
0
Let r(z) = 3*z**3 + 2*z**2 - z + 3. Calculate r(-3).
-57
Let k(w) = w**3 - 31*w**2 + 33*w - 104. Calculate k(30).
-14
Let p(c) = 2*c**2 - 8*c + 3. Determine p(5).
13
Let u(d) = -14*d + 58. Give u(0).
58
Let i(y) = y**3 + 3*y**2 + y + 7. What is i(-4)?
-13
Let g(m) = 2*m**3 + 12*m**2 - 3. What is g(-6)?
-3
Let n(h) = -h**2 - 3*h + 8. What is n(-4)?
4
Let q(v) = -v**2 + 68*v + 361. Give q(-5).
-4
Let w(b) = -3*b + 1. Give w(3).
-8
Let n(d) = 4*d**2 - d + 6. Determine n(4).
66
Let y(v) = -32*v**2 + 12*v - 2. What is y(1)?
-22
Let h(p) = p**3 - 3*p**2 - 5*p - 4. What is h(5)?
21
Let l(g) = g - 3. Determine l(-2).
-5
Let f(c) = c**3 - 15*c**2 + 30*c - 43. Give f(13).
9
Let a(h) = -2*h**2 + 11*h - 13. What is a(5)?
-8
Let q(r) = 4*r**2 + 4*r - 1. Calculate q(4).
79
Let a(o) = -2*o**2 + 17*o - 1. Determine a(15).
-196
Let o(m) = 3*m - 1. What is o(-5)?
-16
Let j(z) = 5*z + 4. Give j(7).
39
Let f(j) = -9*j + 85. Give f(9).
4
Let p(g) = -8*g + 39. Calculate p(5).
-1
Let l(o) = -o**3 + 14*o**2 - 14*o + 2. Give l(13).
-11
Let j(m) = -m**3 - 13*m**2 - 10*m + 7. Give j(-12).
-17
Let y(m) = m**3 - 7*m**2 - 3*m + 6. Determine y(7).
-15
Let h(m) = 79*m**3 - 2*m**2 - 3*m - 2. Give h(-1).
-80
Let j(a) = -a**3 - 18*a**2 - 7*a + 35. Calculate j(-17).
-135
Let d(r) = 8*r**3 - 3*r**2 - 4*r - 1. Determine d(-1).
-8
Let w(k) = -8*k + 67. Determine w(0).
67
Let x(g) = -3*g**2 - 11*g + 38. What is x(-6)?
-4
Let d(c) = 2*c**2 + 7*c - 111. What is d(7)?
36
Let y(m) = m**3 + m**2 - 55. Give y(0).
-55
Let o(d) = -16*d + 64. Calculate o(8).
-64
Let b(p) = p + 4. Calculate b(-21).
-17
Let m(x) = 2*x + 48. Calculate m(-23).
2
Let a(f) = -10*f + 96. What is a(11)?
-14
Let q(k) = -8*k**2 + 55*k + 10. Determine q(7).
3
Let m(r) = -r**2 + 21*r - 29. Give m(13).
75
Let z(d) = -d - 23. What is z(0)?
-23
Let d(m) = 17*m + 4. What is d(2)?
38
Let o(s) = -s**3 + 8*s**2 + 3*s - 4. What is o(8)?
20
Let o(t) = t**2 - 12*t - 25. What is o(14)?
3
Let t(q) = 6*q - 13. Determine t(3).
5
Let g(s) = s**3 + 11*s**2 + s + 7. What is g(-11)?
-4
Let m(g) = 2*g**3 - 1. Calculate m(2).
15
Let d(f) = -f**3 + 20*f**2 - 48*f + 1. Determine d(17).
52
Let c(h) = 2*h**2 + 50*h - 3. What is c(-25)?
-3
Let w(b) = b**3 - 7*b**2 + 9*b. Calculate w(6).
18
Let z(u) = 3*u + 5. Determine z(-4).
-7
Let g(c) = c**3 - 2*c**2 - 4*c + 1. Give g(-2).
-7
Let z(m) = -8*m - 29. Calculate z(-4).
3
Let n(p) = -4*p - 2. Calculate n(-2).
6
Let v(y) = 10*y**2 - 4*y - 1. Determine v(2).
31
Let a(t) = t**3 - 9*t**2 - 5*t + 9. Give a(10).
59
Let x(l) = l**3 + 17*l**2 + 46*l + 9. Give x(-14).
-47
Let c(u) = -2*u**3 - 27*u**2 + 9*u - 1. Give c(-14).
69
Let d(i) = 2*i**2 - 22. Give d(3).
-4
Let b(l) = 2*l + 40. Determine b(-18).
4
Let n(x) = -x**3 + 40*x**2 + 40*x + 47. Calculate n(41).
6
Let d(p) = p**3 - 29*p**2 - 61*p - 25. What is d(31)?
6
Let w(l) = -3*l**2 + 9*l - 9. What is w(2)?
-3